rs of v.
3, 29
Suppose 8*l + 2 = -o + 3*l, 4*o = -5*l + 22. Let q(z) = 0 - o + 21*z + 7*z. What are the prime factors of q(5)?
2, 3, 11
Let y(x) = 2*x**3 + 47*x**2 - 326*x - 17. What are the prime factors of y(10)?
3, 7, 163
Suppose -u = 3*u - 40. Suppose -50 - u = -12*x. Suppose 2*p = 5*k + x*p - 80, -3*p = 4*k - 67. What are the prime factors of k?
13
Let d = 315 + -312. Suppose -2*j - 4*x = x - 2561, -d*j - x + 3848 = 0. List the prime factors of j.
1283
What are the prime factors of 6/((4/10)/(257 - -12))?
3, 5, 269
Suppose 2*b + 5*n = 4, 4*n - 6 - 7 = -3*b. Let j be 32/b + (-6)/(-14). Suppose 0 = -4*i + 4*m + 320, -i - 317 = -j*i + 3*m. What are the prime factors of i?
7, 11
Let a(t) = -4*t**2 + 27*t - 10. Let x be a(5). Suppose 18*z - 57663 = -x*z. List the prime factors of z.
3, 149
Let p(h) = 1511*h + 330. List the prime factors of p(7).
13, 839
Suppose -2*k - 4*v + 652 = -5*k, -3*v = -3. Let a(g) = -12*g**2 - 16*g + 56. Let u be a(6). Let t = k - u. What are the prime factors of t?
2
Suppose -2*a - 2*j + 22208 = 0, 3*j + 55515 = 5*a + 7*j. List the prime factors of a.
11, 1009
Let j(v) = v**2 - 41*v. Let l be j(0). Let u = -1 - -2. Suppose -b - u + 22 = l. What are the prime factors of b?
3, 7
Let n be 6/(-12)*0/(-2). Let q = -424 - -427. Suppose -t = -3*z + 554, n*t + 384 = 2*z + q*t. List the prime factors of z.
2, 3, 31
Let c(u) be the third derivative of 59*u**4/8 - 11*u**3/6 + 119*u**2. What are the prime factors of c(4)?
17, 41
Suppose -2*i - 1 = -j + 20, -4*j + i + 56 = 0. Suppose -j*r + 5925 = 1726. What are the prime factors of r?
17, 19
Let n = -687 + 20961. What are the prime factors of n?
2, 3, 31, 109
Suppose 2*q = 9 + 57. Suppose -o + q = 6*j - j, -25 = -5*j. Let x(v) = 8*v + 9. What are the prime factors of x(o)?
73
Let w = -5533 + 32127. What are the prime factors of w?
2, 13297
Let z(a) be the first derivative of a**6/360 + a**5/15 + 5*a**4/8 - 8*a**3/3 + 22. Let v(f) be the third derivative of z(f). List the prime factors of v(-14).
3, 11
Let b(c) = 1991*c**2 - 53*c - 222. List the prime factors of b(-4).
2, 15923
Suppose 3*f - 5917 = u, f + 2*f - 3*u - 5925 = 0. Let x = f - 655. What are the prime factors of x?
2, 7, 47
Suppose -2*k + 2 = -0, -38 = -5*u + 2*k. Let a be 6/4*u/12 + 2. Suppose -2*x + 284 = a*j + 74, j + x - 70 = 0. List the prime factors of j.
2, 5, 7
Let c = 36 + -19. Suppose 137 = 11*r - c. Let n = 78 - r. What are the prime factors of n?
2
Let x be (-1044)/(-145) - (-2)/(-10). List the prime factors of (-837)/(-3) + -2 + x + -3.
281
Suppose -m + 2*l + 358 = 0, m = l + 2*l + 354. Suppose -2*q - 1262 = -4*o, -4*o + 1623 = 3*q + m. Suppose -190 = -5*z + o. List the prime factors of z.
101
Let y = 69 + -115. Let k = y + 51. Suppose -c + 77 = 2*r, k*r - 21 = 4*r - 4*c. List the prime factors of r.
41
Let a be ((-4)/(-18) + (-77)/(-99))*4. Suppose 3*v + 426 = y, a*v = -3*y + 8*y - 2174. Let c = -244 + y. What are the prime factors of c?
2, 97
Let u(z) = 752*z**2 - 13*z + 24. Let x be u(2). Suppose -5*c - y + 3653 + 1387 = 0, 3*c - 3*y = x. What are the prime factors of c?
19, 53
Suppose -20 = -5*x + x. Suppose -2*a + x*a - 222 = 0. Suppose -24*j + 23*j = -a. List the prime factors of j.
2, 37
Let f = -23522 - -36595. What are the prime factors of f?
17, 769
Suppose 28 + 6 = 5*p - 4*k, 10 = -p + 5*k. List the prime factors of (-20)/6*(-1 + (-638)/p).
2, 3
Let d(t) = -2*t + 38. Suppose -n = -0*n - 5*g - 37, -2*n = -5*g - 54. Let w be d(n). Suppose 0*j - w*j = -464. What are the prime factors of j?
2, 29
Let h = 34638 - 19983. List the prime factors of h.
3, 5, 977
Let r(i) = 36*i**2 - 3*i + 2. Let t(l) = 3*l**2 + l - 1. Let s be t(3). Suppose -f + 9 = -2*v, -5*v - s + 7 = -2*f. What are the prime factors of r(f)?
5, 7
Let j = 898 + -562. Let a = j + 183. List the prime factors of a.
3, 173
Suppose -363*w + 979914 = 55*w - 6394860. What are the prime factors of w?
3, 5881
Let t be 5/((-15)/(-6)) + 5. Suppose -2*n + 15 = l, l + 2*n - 13 = n. Suppose t*a - l*a + 256 = 0. What are the prime factors of a?
2
Let g = -2046 - -2205. Let p = -129 - -61. Let s = g + p. List the prime factors of s.
7, 13
Suppose r - 34 = 6*r - f, 4*r - 5*f = -23. List the prime factors of (1426 - r)/(2 + 1 + -2).
1433
Let p be 12/(-4) + (7 - 1). Suppose 0 = -5*h + h - q + 56, p*h + 3*q - 42 = 0. Let y(w) = 5*w + 8. List the prime factors of y(h).
2, 3, 13
Let o be 34/3 - (-24)/36. Let j(w) = -w**3 + 11*w**2 + 33*w - 5. What are the prime factors of j(o)?
13, 19
Let o = 15934 + -9118. List the prime factors of o.
2, 3, 71
Let a be 2/(4/117*24/(-16)). Let z = -29 - a. Suppose -5*p - 750 = -z*p. What are the prime factors of p?
2, 3, 5
Suppose 0 = -4*c + 61 - 81, 3441 = 3*s + 3*c. Suppose 11*o - 578 = 10*o - 2*x, s = 2*o + 3*x. What are the prime factors of o?
2, 3, 5, 19
Let u(x) = 276*x**2 - 14*x + 93. List the prime factors of u(-9).
3, 5, 7, 43
Let k be (-120)/(-70) - (-2)/7. Let z(q) = -q**2 - 6*q + q**2 + q**k + 3. List the prime factors of z(9).
2, 3, 5
Let w(d) be the third derivative of d**4/12 + 7*d**3/6 + d**2. Let b = 4094 + -4085. What are the prime factors of w(b)?
5
Suppose x + 3*x = 80. Let n be ((-16)/(-20))/((-3)/(-15)*1)*6. What are the prime factors of (n/x)/((-18)/(-1380))?
2, 23
Let c(k) = -24*k**2 - k. Let a be c(-1). Let f(n) = -n**2 - 30*n + 17. List the prime factors of f(a).
2, 89
Let j = 3370 + -1833. Suppose 0 = 3*n - 4*d + 428 - 1595, d - j = -4*n. List the prime factors of n.
5, 7, 11
Suppose -4*g + r + 6641 = 0, 0*r = -g + 2*r + 1655. List the prime factors of g.
11, 151
Suppose -2*b = 3*z - 42253, -18*b - 4*z + 105622 = -13*b. Suppose b + 9748 = 35*y. What are the prime factors of y?
2, 3, 7
List the prime factors of (32/40*172775/30)/((-1)/(-3)).
2, 6911
What are the prime factors of -3*(-2 - 10/(-4))*10072552/(-1722)?
2, 41, 107
Suppose 0 = -4*m + 2*y + 2128, -y = m - 398 - 134. Let t = -214 + m. What are the prime factors of t?
2, 3, 53
Let c(v) = -8*v - 22. Let f(w) = -7 + 5*w**2 + 11*w + 10*w + 0*w - 7*w**2. Let x be f(11). What are the prime factors of c(x)?
2, 61
Let k = -33434 + 61696. List the prime factors of k.
2, 13, 1087
Suppose 303*p = 90*p + 4900704. List the prime factors of p.
2, 719
Let t(z) = -z**3 - 11*z**2 - 10*z + 4. Let a be t(-10). Suppose 3*u - 5*y + 127 = -236, -a*u - y = 484. Let g = 138 + u. What are the prime factors of g?
17
Let c = 6 + 499. Let r(n) = -n**2 + 19*n - 85. Let p be r(10). Suppose 0*j + 5*t + c = p*j, 3*t + 198 = 2*j. List the prime factors of j.
3, 5, 7
Let r(l) = l**3 - 34*l**2 + 212*l + 10. What are the prime factors of r(58)?
2, 3, 1723
Suppose 12*z - 9376 = -2*h + 10*z, -5*z - 18707 = -4*h. What are the prime factors of h?
3, 7, 223
Let b be (-1 - -56)*(-3 - (-51)/15). Let n = b - 22. Suppose -13*v - 292 + 1618 = n. List the prime factors of v.
2, 3, 17
Let i(s) = s**3 + s**2 - 1. Let f be i(1). Let o be ((-5)/(-20))/(f/4) + -84. Let z = 108 + o. What are the prime factors of z?
5
Let g(q) = 11*q**3 + 8*q**2 + 40*q + 18. Let b(i) = -4*i**3 - 3*i**2 - 14*i - 6. Let s(d) = 17*b(d) + 6*g(d). List the prime factors of s(-5).
3, 19
Suppose w + 278 - 70 = 4*f, 5*f - 271 = 4*w. Let k = -17 + 24. Suppose k = -h + f. List the prime factors of h.
2, 11
Let b(c) = -12*c + 82. Let r be b(7). Let o(y) = -39*y**3 + 12*y + 22. What are the prime factors of o(r)?
2, 5, 31
Suppose -2*k + 3*k = -7*d + 24129, 3*d = -k + 24113. List the prime factors of k.
7, 11, 313
Let p(k) = -4*k**2 - 13*k + 4*k + 12*k**3 - 14*k**3 - 10. Let g be p(-6). Suppose -491 - 94 = -5*f + 3*c, 3*f + 2*c = g. What are the prime factors of f?
2, 3, 19
Let q(l) = 14*l**2 + 15*l - 15. Let u(i) = -5*i**2 - 5*i + 6. Let t(w) = -6*q(w) - 21*u(w). List the prime factors of t(-8).
2, 3, 11
Suppose a - 86999 = -4*w, -13 = 3*a + 2. List the prime factors of w.
21751
Let h(k) = -4*k**3 - 35*k**2 - 124. Let t(a) = -a**3 - 12*a**2 - 41. Let v(y) = 2*h(y) - 7*t(y). List the prime factors of v(8).
3, 47
Let l be 3*(80/(-6))/(-10). What are the prime factors of (-1)/(4*l/(-2864))?
179
Suppose -5*h + 20 = 3*i, 0*h = 3*h - 3. Suppose 376 + 1204 = i*y. List the prime factors of y.
2, 79
Suppose -10 = 5*a, 0*a = -m + 2*a + 37. Suppose 0 = -2*k - m + 215. List the prime factors of k.
7, 13
Let l(z) = -7*z + 28. Let 